rue
Is 50 a factor of 45781?
False
Is 8 a factor of 368?
True
Is 4155 a multiple of 16?
False
Is 393 a multiple of 20?
False
Does 13 divide 439?
False
Does 8 divide 173?
False
Is 15388 a multiple of 4?
True
Is 18331 a multiple of 23?
True
Does 33 divide 4425?
False
Is 1236 a multiple of 6?
True
Is 83 a factor of 51485?
False
Does 109 divide 12535?
True
Does 21 divide 1512?
True
Is 21677 a multiple of 10?
False
Does 89 divide 267?
True
Is 31185 a multiple of 35?
True
Is 651 a multiple of 57?
False
Is 104 even?
True
Does 52 divide 5460?
True
Is 14 a factor of 812?
True
Is 24 a factor of 8643?
False
Is 14 a factor of 574?
True
Is 81 a factor of 9720?
True
Is 646 a multiple of 29?
False
Does 8 divide 4960?
True
Is 33 a factor of 19739?
False
Does 98 divide 1078?
True
Is 18 a factor of 122256?
True
Is 28 a factor of 2604?
True
Is 162 a factor of 4078?
False
Is 33 a factor of 20201?
False
Does 19 divide 7760?
False
Does 13 divide 351?
True
Does 82 divide 3677?
False
Is 41 a factor of 6888?
True
Does 90 divide 953?
False
Is 6993 a multiple of 111?
True
Is 201853 a multiple of 106?
False
Is 16157 a multiple of 38?
False
Is 338 a multiple of 11?
False
Is 12 a factor of 1488?
True
Is 3360 a multiple of 6?
True
Is 110 a factor of 7024?
False
Does 35 divide 3023?
False
Is 12 a factor of 197?
False
Is 532 a multiple of 6?
False
Does 63 divide 448?
False
Does 24 divide 32636?
False
Is 3472 a multiple of 217?
True
Is 26 a factor of 36715?
False
Is 85456 a multiple of 16?
True
Is 3286 a multiple of 80?
False
Is 17 a factor of 187?
True
Does 9 divide 54?
True
Is 501 a multiple of 5?
False
Does 45 divide 22275?
True
Does 97 divide 8439?
True
Is 39163 a multiple of 220?
False
Is 843 even?
False
Does 7 divide 482?
False
Does 39 divide 1653?
False
Does 12 divide 1128?
True
Is 3689 a multiple of 35?
False
Is 15 a factor of 2850?
True
Is 18 a factor of 2142?
True
Is 14 a factor of 1932?
True
Is 8 a factor of 31581?
False
Does 64 divide 8768?
True
Is 15 a factor of 1029?
False
Does 9 divide 481?
False
Is 17 a factor of 6715?
True
Is 8 a factor of 2740?
False
Does 409 divide 139180?
False
Does 2 divide 1498?
True
Is 3 a factor of 46?
False
Is 5 a factor of 760?
True
Is 7780 a multiple of 20?
True
Does 45 divide 3020?
False
Is 1034 a multiple of 27?
False
Does 8 divide 12636?
False
Is 940 a multiple of 91?
False
Is 15 a factor of 1196?
False
Is 14720 a multiple of 80?
True
Is 182 a factor of 52944?
False
Is 4 a factor of 712?
True
Does 18 divide 234?
True
Is 24 a multiple of 3?
True
Is 5920 a multiple of 80?
True
Does 19 divide 1737?
False
Is 2258 a multiple of 24?
False
Does 178 divide 8188?
True
Is 68 a factor of 106?
False
Is 400 a multiple of 25?
True
Does 15 divide 2654?
False
Does 31 divide 1377?
False
Is 1904 a multiple of 50?
False
Does 23 divide 2599?
True
Is 6189 a multiple of 16?
False
Does 3 divide 135?
True
Is 18 a factor of 271?
False
Does 42 divide 56?
False
Is 76 a factor of 684?
True
Does 80 divide 3590?
False
Does 40 divide 1240?
True
Is 1019 a multiple of 26?
False
Is 8463 a multiple of 3?
True
Is 2399 a multiple of 10?
False
Is 9828 a multiple of 78?
True
Is 3 a factor of 10120?
False
Does 3 divide 18509?
False
Is 20 a factor of 95403?
False
Does 133 divide 11811?
False
Is 808 a multiple of 12?
False
Is 19680 a multiple of 94?
False
Is 36924 a multiple of 4?
True
Is 24 a factor of 1869?
False
Is 48 a factor of 459?
False
Is 32756 a multiple of 19?
True
Is 1193 a multiple of 7?
False
Is 5 a factor of 3300?
True
Is 20 a factor of 1693?
False
Does 12 divide 3420?
True
Is 174 a factor of 49242?
True
Does 31 divide 585?
False
Is 48 a factor of 1152?
True
Is 20 a factor of 636?
False
Is 14659 a multiple of 107?
True
Is 8 a factor of 296?
True
Is 3 a factor of 2346?
True
Does 101 divide 81103?
True
Is 29 a factor of 1305?
True
Is 30 a factor of 1020?
True
Is 7 a factor of 2189?
False
Is 39 a factor of 234?
True
Does 13 divide 364?
True
Is 22 a factor of 18441?
False
Does 155 divide 20893?
False
Is 106 a factor of 27878?
True
Is 2660 a multiple of 53?
False
Does 35 divide 1002?
False
Does 20 divide 36625?
False
Does 28 divide 26306?
False
Is 900 a multiple of 75?
True
Does 17 divide 221?
True
Is 110311 a multiple of 60?
False
Is 21 a factor of 11068?
False
Is 371 a multiple of 18?
False
Does 129 divide 3840?
False
Is 43 a factor of 5891?
True
Is 55 a factor of 935?
True
Does 18 divide 936?
True
Does 53 divide 70596?
True
Is 5 a factor of 275?
True
Is 28052 a multiple of 64?
False
Does 14 divide 2188?
False
Is 70 a factor of 13580?
True
Does 46 divide 12651?
False
Is 8 a factor of 1176?
True
Does 6 divide 78?
True
Is 16896 a multiple of 176?
True
Does 15 divide 4950?
True
Is 9 a factor of 2951?
False
Is 39165 a multiple of 35?
True
Is 67 a factor of 73281?
False
Is 735 a multiple of 49?
True
Is 1278 a multiple of 18?
True
Is 1415 a multiple of 32?
False
Is 31 a factor of 9765?
True
Does 105 divide 5075?
False
Is 202 a factor of 29694?
True
Is 206 a factor of 8240?
True
Is 3 a factor of 8792?
False
Is 3638 a multiple of 6?
False
Does 64 divide 1120?
False
Is 434 a multiple of 62?
True
Is 15560 a multiple of 24?
False
Is 14 a factor of 366?
False
Is 3354 a multiple of 3?
True
Is 3062 a multiple of 61?
False
Is 271 a multiple of 4?
False
Is 7742 a multiple of 49?
True
Does 2 divide 270?
True
Is 7 a factor of 63?
True
Is 58 a factor of 754?
True
Is 547 a multiple of 14?
False
Is 3 a factor of 408?
True
Is 336 a multiple of 4?
True
Is 479 a multiple of 10?
False
Is 445 a multiple of 6?
False
Does 13 divide 14?
False
Is 23 a factor of 1025?
False
Is 17 a factor of 24671?
False
Does 60 divide 2565?
False
Is 19 a factor of 7169?
False
Does 26 divide 442?
True
Is 9 a factor of 1494?
True
Does 3 divide 300?
True
Is 9 a factor of 594?
True
Is 81 a factor of 1782?
True
Is 6 a factor of 6382?
False
Is 72 a factor of 332?
False
Does 13 divide 3370?
False
Is 19 a factor of 23161?
True
Is 250 a multiple of 3?
False
Is 54 a multiple of 3?
True
Is 1044 a multiple of 29?
True
Does 10 divide 240?
True
Is 79 a factor of 39174?
False
Does 9 divide 370?
False
Does 56 divide 896?
True
Does 3 divide 3899?
False
Is 23491 a multiple of 45?
False
Does 21 divide 19134?
False
Does 170 divide 44943?
False
Is 3072 a multiple of 3?
True
Does 22 divide 528?
True
Does 79 divide 1747?
False
Is 115 a factor of 3220?
True
Is 25 a factor of 28?
False
Is 5834 a multiple of 54?
False
Is 780 a multiple of 12?
True
Is 2071 a multiple of 12?
False
Does 18 divide 12114?
True
Is 20448 a multiple of 96?
True
Is 206 a factor of 15450?
True
Does 8 divide 431?
False
Is 20729 a multiple of 20?
False
Is 17 a factor of 797?
False
Is 11 a factor of 220?
True
Is 8646 a multiple of 6?
True
Is 14 a factor of 837?
False
Is 5683 a multiple of 3?
False
Is 40 a multiple of 10?
True
Is 127 a factor of 1143?
True
Is 192 a multiple of 24?
True
Is 473 a multiple of 11?
True
Is 6 a factor of 2538?
True
Does 12 divide 2196?
True
Is 11 a factor of 95?
False
Is 12 a factor of 360?
True
Does 67 divide 4665?
False
Does 51 divide 594?
False
Does 17 divide 441?
False
Is 134 a factor of 1340?
True
Does 40 divide 1615?
False
Is 11 a factor of 371?
False
Is 84852 a multiple of 12?
True
Does 45 divide 427?
False
Is 128 a factor of 6445?
False
Is 11 a factor of 33?
True
Is 17 a factor of 1360?
True
Is 8323 a multiple of 10?
False
Is 1032 a multiple of 4?
True
Does 16 divide 1104?
True
Does 4 divide 97?
False
Is 22 a factor of 2332?
True
Is 7 a factor of 877?
False
Is 563 a multiple of 14?
False
Does 2 divide 7043?
False
Is 407 a multiple of 11?
True
Does 49 divide 1652?
False
Is 804 a multiple of 12?
True
Is 8 a factor of 3078?
False
Is 23 a factor of 322?
True
Does 34 divide 7174?
True
Is 79 a factor of 49217?
True
Is 5 a factor of 1339?
False
Is 3575 a multiple of 117?
False
Is 34 a factor of 14613?
False
Is 11 a factor of 2376?
True
Is 15 a factor of 349?
False
Is 15 a factor of 3765?
True
Does 24 divide 2232?
True
Is 490 a multiple of 10?
True
Does 68 divide 1974?
False
Does 167 divide 30394?
True
Is 21201 a multiple of 117?
False
Is 22031 a multiple of 5?
False
Is 12 a factor of 8160?
True
Is 205 a factor of 50410?
False
Is 10194 a multiple of 46?
False
Is 33 a factor of 595?
False
Is 41 a factor of 1435?
True
Is 162 a facto